 i(9).
7, 71
Let x(s) = 24*s**2 - 25*s + 229. Let i be x(7). Let w = -219 + i. What are the prime factors of w?
3, 337
Suppose -6*a = -21 - 3. Suppose a*s - 12 = 0, -5*t - 5*s - 4 = 6. List the prime factors of (63/(-6))/(t/30).
3, 7
Suppose o + 91 = 229. Suppose -2*f + 3*g + o = -f, 604 = 4*f + g. What are the prime factors of f?
2, 3, 5
Let g = -9728 + 15373. List the prime factors of g.
5, 1129
Suppose -7*a - 5*s = -228791, 83*a - 87*a + 5*s = -130777. List the prime factors of a.
2, 3, 227
Suppose 1145*w = j + 1150*w - 53102, 0 = 5*w - 20. List the prime factors of j.
2, 3, 983
Let r = -4381 + 18074. What are the prime factors of r?
13693
Let c = -358 - -362. Suppose -y - 3 = 0, c*y + 510 = 4*f + 2*y. List the prime factors of f.
2, 3, 7
Suppose -5*r = -2*x - 2179, 146*x + 1760 = 4*r + 150*x. What are the prime factors of r?
19, 23
Let r(b) = -b**2 - 30*b. Suppose 79 = -2*d + 3*d + 5*k, -5*d + 341 = -2*k. Let z = d - 92. List the prime factors of r(z).
7, 23
Let d(u) = -348 - 18*u + 688 - 344 - 5*u**2 + u**3. Let w = -12 + 20. What are the prime factors of d(w)?
2, 11
Let q(x) = -x**3 - 30*x**2 - 65*x - 53. Let o be q(-14). Let y = -1445 - o. List the prime factors of y.
2, 3, 139
Let t(y) be the second derivative of y**5/10 + 13*y**4/12 - y**3 + 5*y**2/2 - 3*y. Let s = 704 + -710. What are the prime factors of t(s)?
7, 11
Suppose -4*y - 5*z + 49940 = 0, -z + 49026 = 5*y - 13378. List the prime factors of y.
2, 3, 5, 13
Suppose -10*p = -29 - 4081. Let l = p + -179. What are the prime factors of l?
2, 29
Let s(o) = -66*o + 69. Let u be (-6)/(-8) + 0 + 624/(-64). List the prime factors of s(u).
3, 13, 17
Suppose 5*k - 7 = -22, 0 = -5*s - 2*k - 6. Suppose s = -a + 4*i - 44, 0 = -0*a - 2*a + 3*i - 73. List the prime factors of (9 + -5)/((-4)/a).
2
Let u = -15792 + 48011. What are the prime factors of u?
11, 29, 101
Let u be (-1)/(-3)*(5 - 2). Let m = u - 19. What are the prime factors of (-4)/m*3*108/4?
2, 3
What are the prime factors of (-5814897)/(-242) + ((-2)/(-8))/((-1)/2)?
2, 6007
Let n(h) = 9*h**2 + 61*h + 30. Suppose v + 25 = -2*b, -7*v + 45 = -2*b - 4*v. What are the prime factors of n(b)?
2, 3, 5, 19
Suppose v - 16 = -3*w, 0 = -5*v + v + 5*w - 21. Let u be (-4 - -2 - 0) + (v - -4). Suppose -44 = -4*t - y, -44 = -5*t - 7*y + u*y. List the prime factors of t.
2, 3
Let s(c) = -17*c - 16. Let r be s(-7). Suppose 0 = -98*q + r*q - 1430. List the prime factors of q.
2, 11, 13
Suppose -4*z + 536 + 484 = 3*b, -1362 = -4*b - 5*z. List the prime factors of b.
2, 3, 29
Let c(n) = 308*n**2 + 6*n - 26. List the prime factors of c(3).
2, 691
Let a(s) = -2*s**3 + 4*s**2 + 13*s + 35. Let r be 4*6/(-12) - 1. List the prime factors of a(r).
2, 43
Let w = 92 - 86. Suppose -w*p = y - p - 364, -2*p - 329 = -y. What are the prime factors of y?
3, 113
Let k(s) = 3*s + 29. Let l be k(-8). Suppose -2*n - 2*v = -23 - 239, 4*v = l*n - 682. Suppose 0 = p - 0 + 3, -w = -4*p - n. What are the prime factors of w?
2, 61
Suppose o + 3*w - 822 = 6*o, 2*w = -3*o - 478. Let r = o + 223. What are the prime factors of r?
61
Suppose 0 = o - 2*z + 203, 4*z = 3*o + 484 + 129. Let k = 392 + o. List the prime factors of k.
5, 37
Let a(z) = z**2 - 33*z - 29. Let c be a(39). Let f = 344 - c. What are the prime factors of f?
139
Let n(l) = -l**3 + 3*l**2 + 3*l + 3. Let r be n(-4). Suppose -4*w - 375 = -3*u, -225 = -4*u - 5*w + 275. Suppose -r = -4*m + u. List the prime factors of m.
3, 19
Suppose 60 - 10 = -2*l. Let j = -20 - l. What are the prime factors of (2992/(-40))/((-2)/j)?
11, 17
Let x(t) = 2*t**2 - t - 19. Let f be -3*(-2)/(-12)*-6. Suppose j + y + f*y = -12, -10 = 2*y. What are the prime factors of x(j)?
101
Let c = 6128 + -2299. Suppose -32773 + c = -36*s. List the prime factors of s.
2, 3, 67
Let s be (-4)/(-26) - 27675/(-351). Suppose s*z + 7408 = 87*z. List the prime factors of z.
2, 463
Let s(r) = 21*r**2 + r + 1. Suppose 0 = -11*f + 10*f + 3. Let m be (f/(-9))/(4/12). List the prime factors of s(m).
3, 7
Suppose -7*r = -11 - 10. Suppose 95 = h + 2*v, -r*v - 85 = 3*h - 373. List the prime factors of h.
97
Let t = 229 + -148. Let s(i) = -2*i**3 - 20*i**2 - 4*i + 10. Let b be s(-10). Let d = t + b. List the prime factors of d.
131
Let i be (4/12)/(2/66). Let b = 20 - i. Suppose b*h = 8*h + 58. List the prime factors of h.
2, 29
Let z = -1755 - -7450. List the prime factors of z.
5, 17, 67
Let n = 11 - 6. Suppose n*t - 11 = 2*r, 5*r + 3*t - 8*t + 35 = 0. What are the prime factors of 43/((-36)/r - 4)?
2, 43
Suppose -1818 = 13*r - 6316. Let i = r + -107. List the prime factors of i.
239
Let y = -285 - -866. Suppose -5152 = 565*f - y*f. List the prime factors of f.
2, 7, 23
Let v(y) = -y**3 + 49*y**2 - 89*y + 624. What are the prime factors of v(45)?
3, 11, 13
Let r be -7*(2 + -4 - -1). Suppose r*l = -l - 3*l. Suppose l = -13*x + 14*x - 134. List the prime factors of x.
2, 67
What are the prime factors of 16349*((-8)/(-32) + (-63)/(-36))?
2, 16349
Suppose -5*r = 4*p - 26, 3*r - r = 4. Suppose -o = 2*h - 139, 9*o = -5*h + p*o + 340. List the prime factors of h.
71
Let d(g) = 44*g + 68. Let t be d(36). Let n = -255 + t. What are the prime factors of n?
11, 127
Suppose -2*x - 18 = -5*x. Let l be 4/3*x/4. Suppose q = l*k - 148 - 119, -k + q + 131 = 0. What are the prime factors of k?
2, 17
Let n be 31068/(-4) - (3 + -1 + 1). What are the prime factors of 6/16 - n/16?
2, 3
Let z(y) = -571*y - 1175. List the prime factors of z(-16).
19, 419
Let m = -51 - -51. Suppose 5*u - 12*u = m. Suppose 0 = 7*s - 2*s - 5*p - 595, 4*s + 5*p - 494 = u. List the prime factors of s.
11
Let a(j) = -j**3 + 5*j**2 + 7*j - 37. Let t be a(5). Let k = 13 - 12. List the prime factors of t*k/(4/(-70)) + -1.
2, 17
Let l be 2/(-18)*(2 + 1)*-807. Suppose -73 = -u + l. What are the prime factors of u?
2, 3, 19
Suppose -3*m + 2*m - 11069 = -4*i, 5*m = 15. Suppose 0 = 11*p - 4349 - i. List the prime factors of p.
647
List the prime factors of -11*1 - -79503*(-39)/(-117).
2, 3, 5, 883
Let o be 300/(-2)*(-8)/((-144)/(-45)). Suppose 8*a - o = -7*a. What are the prime factors of a?
5
Suppose 131026 = 847*u - 833*u. List the prime factors of u.
7, 191
Let b = 15329 - 10073. List the prime factors of b.
2, 3, 73
Let t be (-2 + (-477)/6)/((-12)/(-48)). Let z = -231 - t. What are the prime factors of z?
5, 19
What are the prime factors of (-147 - -145)/(-3 - 240386/(-80130))?
3, 5, 2671
Let a(k) = -11*k**2 - 18*k - 5. Let h be a(8). Let d = -317 - h. What are the prime factors of d?
2, 67
Let n(u) = 9*u**2 - 2*u - 6. Suppose 4*h - 10 = -5*w + 27, -w + 11 = 2*h. Suppose h*j - 17 = -5, j - 7 = o. What are the prime factors of n(o)?
3
Let g be -2*6*((-11 - -8) + 2). Suppose -4*b + 8*n = 7*n - 924, 0 = -3*n - g. List the prime factors of b.
2, 5, 23
Let o be 11 - (3/21 - (-54)/14). Suppose -6*g = -5*w - o*g + 5699, -2*w + 2275 = 5*g. List the prime factors of w.
2, 3, 5, 19
Suppose 0 = -10*z + 330 - 30. What are the prime factors of (-338 + 3)*(-54)/z?
3, 67
Let w be -1*(86 + (4 - 6)). What are the prime factors of w*4*-15*(-5)/(-70)?
2, 3, 5
Let g(x) = 3*x**3 - 136*x**2 - 116*x - 78. List the prime factors of g(47).
5, 1103
Let g(f) = f**3 - 16*f**2 - 36*f - 2. Let n be g(18). What are the prime factors of 12/2 + n + -1?
3
Suppose -3*w + 2866 = -542. Suppose -w = 3*c + c. Let o = 539 + c. What are the prime factors of o?
3, 5, 17
Suppose k + 3*k + o - 9893 = 0, -15 = -3*o. List the prime factors of (129/(-387))/(2471/k - 1).
2, 103
Suppose 5*h - 325 = 3*r, 9*h - 4*h = 4*r + 325. Let u = h - 65. What are the prime factors of 245 - ((-5 - u) + 5)?
5, 7
Let i be (3 - 4)*(-1 - 4). Let a = 58 - 58. Suppose -t - 5*f = -6*t + 130, a = 3*t - i*f - 84. List the prime factors of t.
23
What are the prime factors of ((-176181)/6)/((-27)/(-18) - 2)?
58727
Let j = -20 - -28. Let w be 1 + j + (-2 - 2). Suppose 0*v + v - w*b = 23, 0 = -v + 4*b + 19. List the prime factors of v.
3
Suppose 30*i - 44447 = 3733. Suppose -25*z + 12069 = -i. What are the prime factors of z?
547
List the prime factors of 15 + -16 + -8 + 7116.
3, 23, 103
Let b be (-9)/(-3) + (-6)/(-2). Suppose 0*c + j = c - b, -c = -3*j - 12. Suppose 0 = -2*w - c + 17. List the prime factors of w.
7
Let i(n) = n**2 - 13*n + 52. Let c be i(10). Suppose -20*g + c*g = 10